 = 4*p + 6*y - 9*y - 386, 0 = -3*p + 3*y + d. What are the prime factors of p?
2, 7
Let r = 128 + -160. Let o = r - -70. List the prime factors of o.
2, 19
Suppose -5*n - 2*k + 2205 = 72, 3*k - 2137 = -5*n. What are the prime factors of n?
5, 17
Suppose 5*m = 3*i + 4879 + 8022, 4*m - 4*i - 10316 = 0. What are the prime factors of m?
2, 1291
Suppose 5*o = -2*s + 7*s + 9690, -4*s - 5813 = -3*o. Suppose -o = -4*v - 3*r, 4*v - 1944 = -3*r - r. What are the prime factors of v?
13, 37
Let r = 65 + -64. What are the prime factors of 4 - r/((-4)/500)?
3, 43
Suppose -72*z + 1722624 = 210117 - 1173165. What are the prime factors of z?
11, 3391
Suppose 73*n - 793066 = -197824. What are the prime factors of n?
2, 3, 151
Let y be (-111)/6*8/2. Let a = y + 76. Suppose p = -p + 2*g + 354, -a*p = 3*g - 354. List the prime factors of p.
3, 59
Let t(o) = 18*o**2 - 15*o + 70. Let c be t(6). Let b = c - -180. List the prime factors of b.
2, 101
Let o = -583 - -582. List the prime factors of ((-20)/o)/(77/4774).
2, 5, 31
Let j(s) = 16*s**3 - 13*s**3 + s**3 - 2*s**3 + 52 - 34*s**2. What are the prime factors of j(17)?
2, 13
Let a = 100 - 91. Suppose s = -2*k + a + 8, 24 = 3*k + 2*s. What are the prime factors of 942/14 + (k/7)/(-5)?
67
What are the prime factors of 24/36*(-18540)/(-24)?
5, 103
Suppose 774*s = 773*s + 5150. What are the prime factors of s?
2, 5, 103
Let z(q) = 2*q + 69. Let r be z(11). Suppose 0 = -59*j + 58*j + r. List the prime factors of j.
7, 13
Let g = -1839 + 987. Let u = 1948 + g. What are the prime factors of u?
2, 137
Let r(q) = -7*q - 8. Let h be r(-1). Let d be -1 - -2 - -3 - h. Suppose -d*c - 63 = -3*w - 248, -4*w - 156 = -4*c. List the prime factors of c.
2, 17
What are the prime factors of (-123)/246 - 1257/(-2)?
2, 157
Let b be (1 + -2)*1871 - -1. Let k = -1251 - b. What are the prime factors of k?
619
Suppose 6*l = 5*l + 5. Suppose -3*n = -n - l*p + 18, p = 4. List the prime factors of 74/(-1 - (-2 - n)).
37
Suppose 53*k = 145*k - 440128. What are the prime factors of k?
2, 13, 23
Suppose -41 + 19 = -11*t. What are the prime factors of (-17612)/(-21) - t/3?
2, 419
Let c(i) = i**3 - 7*i**2 + 9*i - 3. Suppose -1 - 1 = -2*x. Suppose x + 6 = h. List the prime factors of c(h).
2, 3, 5
Let y(q) = -q**2 + 11*q + 7. Let x be y(15). Let v = x - -57. Suppose 0 = -v*r + 20 - 0, -425 = -3*s - 4*r. List the prime factors of s.
3, 5
Suppose 25683 = -2*i + 3*i + 2*w, 3*i - 77103 = 3*w. What are the prime factors of i?
3, 5, 571
What are the prime factors of 42/12*(-454120)/(-140)?
11353
Let j = -37701 - -66269. List the prime factors of j.
2, 3571
Let n(a) be the second derivative of 11*a**4/12 + a**3/6 + 15*a - 6. Suppose -5 = -p + 6*p. What are the prime factors of n(p)?
2, 5
Let b be 394/11 - (-2)/11. Suppose 0 = 4*g - 0*g - 4*o - b, -4*o - 12 = 0. Suppose -676 - 68 = -g*l. List the prime factors of l.
2, 31
What are the prime factors of (0 - 11716/(-8))*(-36)/(-9)?
2, 29, 101
Let y(x) = x**3 - 8*x**2 + 4*x + 9. Let w be y(8). Let b = 47 - w. Suppose -3*a - 159 = -b*a. What are the prime factors of a?
53
Suppose 11*a - 12*a - 4*z + 32499 = 0, -5*a = 5*z - 162420. List the prime factors of a.
32479
Suppose 12*y + 139055 = 17*y - 5*i, 27809 = y - 3*i. What are the prime factors of y?
2, 17, 409
Let q = -39327 + 118894. What are the prime factors of q?
251, 317
Let y be 3/(-4 - 3155/(-788)). Suppose y + 877 = 5*x. What are the prime factors of x?
3, 37
Let o(f) = -7*f - 35. Let m(n) = 14*n + 69. Let g(x) = -3*m(x) - 5*o(x). Let b be g(-10). List the prime factors of (b + 3)/1 - -1.
2, 3, 7
Let b be (2/(-5))/((-2)/(-10)). Let a be b/((1 + -3 - -4)/47). List the prime factors of (0 + a/2)*(-5 + 3).
47
Suppose 0 = y + 5*k - 0*k, -3*y - 3*k = 0. Suppose -2*a + 4*r + y*r = -32, 4*a = 2*r + 52. List the prime factors of (a/(-30) + -4)*-45.
2, 3, 11
Let v = -6766 + 8977. List the prime factors of v.
3, 11, 67
Let s(b) = -12 + 6*b + 0*b - b - 3*b. Let t be s(6). Suppose -2*z = -2*i - 0*z + 184, 3*z - 6 = t. List the prime factors of i.
2, 47
Let z = 8562 + -4713. List the prime factors of z.
3, 1283
Let d be (-3)/(((-9)/(-18))/((-471)/(-6))). What are the prime factors of (d/9 + 3)*(-168)/16?
2, 7, 37
Suppose -1850867 = -208*v + 1278493. What are the prime factors of v?
3, 5, 17, 59
Let o(p) = 322*p**3 - 13*p**2 + 25*p + 3. What are the prime factors of o(2)?
3, 859
Let q(b) = -b**3 - b**2 - 2*b + 1. Let m(c) = -7*c**3 - 7*c**2 - 20*c - 43. Let z(a) = m(a) - 2*q(a). What are the prime factors of z(-6)?
3, 317
Suppose v + 2 = -2. Let z be 3/3*(v + 39/3). Suppose -z*h + 1200 = 3*h. What are the prime factors of h?
2, 5
Let c(q) = q**3 - 21*q**2 - 145*q - 113. List the prime factors of c(32).
17, 383
What are the prime factors of 14644/3*((-29325)/(-92))/85?
5, 7, 523
Suppose 0*k - 40 = -10*k. Suppose 9*a - 10*a - 530 = -l, -1604 = -3*l - k*a. List the prime factors of l.
2, 7, 19
Let p = 17 - 11. Suppose 273*v - 54*v = 39201. Let a = v + p. What are the prime factors of a?
5, 37
Let o = -749 - -1385. Suppose 0 = 4*l + 4*c - 2464, 8*l = 9*l - 3*c - o. List the prime factors of l.
3, 23
Suppose -46*b = 53*b - 312840. List the prime factors of b.
2, 5, 79
Let n be ((-7220)/266)/(1/(-7)). Let y = 19 + -19. Suppose y - n = -2*b. List the prime factors of b.
5, 19
Let x = -139 + 33. Let k = -71 - x. List the prime factors of 28/k*225/6.
2, 3, 5
Let h(g) = g**2 + 3*g + 400. Let q be h(0). Suppose 2*d - 10*d = q. Let j = 92 + d. What are the prime factors of j?
2, 3, 7
Suppose 6*s = 3012 + 1704. Suppose 4*z = -5*t + 2728, 1948 + s = 5*t + 2*z. What are the prime factors of t?
2, 137
Suppose -125029 = -29*f - 4215. List the prime factors of f.
2, 2083
Let w = -49920 - -118245. List the prime factors of w.
3, 5, 911
Let t(b) = b**3 - b**2 - 2*b + 2. Let w be (6 - 2 - 5)*0. Let f be t(w). Suppose -f*d = -61 - 125. What are the prime factors of d?
3, 31
Let p = -223 - -222. Let z(f) = -254*f + 15. List the prime factors of z(p).
269
Suppose 4*l = 16*x - 13*x - 50468, 3*x = -2*l + 50456. List the prime factors of x.
2, 5, 29
Let o(l) = l**3 - 1. Let h(m) = -3*m**3 + m - 17. Let n(j) = h(j) + 4*o(j). Let i be n(0). What are the prime factors of (-12 - 1)/(3/i)?
7, 13
Let s = 9 - -27. Suppose 0 = -14*y + 327 - 61. Suppose y*g = 17*g + s. What are the prime factors of g?
2, 3
Let w(i) = i**2 - 36*i - 33. Let p be w(36). List the prime factors of p/55 + (-13389)/(-15).
2, 223
Let f = -19930 + 30408. List the prime factors of f.
2, 13, 31
Let h be (-2)/(1*1/(-20)). Let x(q) = 8*q + 33. Let a be x(16). Let j = a + h. What are the prime factors of j?
3, 67
Let t = 310 - 430. Let h = t + 935. What are the prime factors of h?
5, 163
Let c = 156 + -146. Suppose 2*q + 1992 = c*q. List the prime factors of q.
3, 83
Suppose -392*d + 3080053 = -4530627. List the prime factors of d.
5, 11, 353
Suppose 2*o - i - 232 = -3*o, 4*i + 100 = 2*o. Let h = -54 - -2. Let p = o - h. List the prime factors of p.
2, 7
Let h(x) = -8*x**3 + 146*x**2 + 32*x + 13. What are the prime factors of h(18)?
1237
Suppose 2*p - 57 = 3*v, -3*v - 22 = -p + 8. Let r = -9 + p. What are the prime factors of r?
2, 3
List the prime factors of (-108)/(-90)*((-42796)/(-12) + -3).
2, 1069
Suppose 15 = -2*n + 3*v, 6*n - 9*n = 2*v + 55. Let s(q) = 21*q. Let y be s(-1). Let l = n - y. What are the prime factors of l?
2, 3
Let g(s) = 1107*s**3 - 2*s**2 + 21*s - 40. List the prime factors of g(2).
2, 3, 5, 59
Let u(q) be the first derivative of 2*q**3/3 - 9*q**2/2 - 9*q + 16. Suppose -15*x - 7 = -16*x. List the prime factors of u(x).
2, 13
Let j = -16 - -22. Suppose -33 = a - 4*a. Suppose -j*u = -a*u + 345. List the prime factors of u.
3, 23
Let f be -9*(32200/(-24) + 9). What are the prime factors of 1/(0 - (30/f)/(-5))?
1999
Suppose 6*i - 52462 = 69295 + 17875. List the prime factors of i.
2, 2909
Let u be (-4 - 14/(-3))/((-12)/14886). List the prime factors of -1 + 9 - (u + -70).
5, 181
List the prime factors of (-19)/(3325/(-14)) - 1455365/(-125).
3, 3881
Suppose 0 = -6*c - 9*c + 945. Let v be (-5)/((-7)/(c/15)). Suppose -w - 2*w + 284 = -5*u, -3*w - v*u = -324. What are the prime factors of w?
103
Suppose 24*p + 1628 = 2*p. Let z = p - -521. List the prime factors of z.
3, 149
Let h(r) = -3*r**3 + 30*r**2 + 18*r - 2